 -251435 - 3?
-251441
In base 6, what is 15452 + 41?
15533
In base 12, what is -81 + -664?
-725
In base 13, what is -1a5 + -17?
-1bc
In base 13, what is -2 + 451a?
4518
In base 12, what is -9905 - 33?
-9938
In base 15, what is 24a308 + -5?
24a303
In base 2, what is -10011011010010 + -101?
-10011011010111
In base 6, what is 53532 + -44?
53444
In base 13, what is 4 - -102021?
102025
In base 4, what is 2 + -1033113101?
-1033113033
In base 13, what is 6351 - -12?
6363
In base 14, what is abc1 - -2?
abc3
In base 2, what is -1010110 + -10001000110?
-10010011100
In base 4, what is 10033 - 202?
3231
In base 10, what is 0 - -5501?
5501
In base 14, what is b - -15405?
15412
In base 12, what is -112 + 83?
-4b
In base 2, what is 10001 + 101100001010011?
101100001100100
In base 4, what is -1110 - 213?
-1323
In base 3, what is 122110 - 21101022?
-20201212
In base 12, what is -60 - b944?
-b9a4
In base 8, what is -2613041 + 5?
-2613034
In base 7, what is -25210 + -112?
-25322
In base 2, what is 1000000 + -101101111000?
-101100111000
In base 13, what is 286 + b?
294
In base 4, what is -223222 - -1032?
-222130
In base 12, what is -6 - -a82?
a78
In base 15, what is 131e7 + -5?
131e2
In base 3, what is 122 - -212011121?
212012020
In base 13, what is -16 - 44515?
-4452b
In base 14, what is -61b4 + 6?
-61ac
In base 10, what is -401 - 3175?
-3576
In base 16, what is -18af14 + 2?
-18af12
In base 8, what is -1713 + -1505?
-3420
In base 8, what is 4 - 121464?
-121460
In base 16, what is c + 9ec?
9f8
In base 2, what is -10 + -101011010011011111?
-101011010011100001
In base 4, what is -1203211 + -220?
-1210031
In base 6, what is 3021 - 13433?
-10412
In base 5, what is 12010443 - 3?
12010440
In base 11, what is -969 - 1a7?
-1065
In base 12, what is -4 - -1a259?
1a255
In base 10, what is 94 + 400?
494
In base 16, what is -3b4 + 8?
-3ac
In base 4, what is -23120 + 101020?
11300
In base 7, what is 111103 - -6?
111112
In base 2, what is -1010101110 + 10010111110?
1000010000
In base 15, what is -4 - -2c2c?
2c28
In base 7, what is 311 + 110663?
111304
In base 12, what is 5 + 16512a?
165133
In base 6, what is -232454 + -14?
-232512
In base 2, what is 1 + -11111001111001?
-11111001111000
In base 10, what is 159 + 1278?
1437
In base 10, what is 0 - 46425?
-46425
In base 16, what is 2 + -2bc5?
-2bc3
In base 5, what is -100424 + 43?
-100331
In base 8, what is 26044 + -57?
25765
In base 3, what is -121020020222 + 2?
-121020020220
In base 6, what is 3 - -410515?
410522
In base 7, what is 6 + 403463?
403502
In base 14, what is 1b34 - -107?
1c3b
In base 6, what is -543310 + -2?
-543312
In base 4, what is -1221 + 31012?
23131
In base 5, what is -102 - -213123?
213021
In base 2, what is -1101000 + 1001111111?
1000010111
In base 2, what is 0 - 11111011000101110?
-11111011000101110
In base 2, what is 1 - 10000000011100111?
-10000000011100110
In base 2, what is -1001001001110110110 - -1?
-1001001001110110101
In base 12, what is 30 + 254b?
257b
In base 7, what is 2636 - 122?
2514
In base 10, what is 5 + -2671?
-2666
In base 16, what is -f7 - -3?
-f4
In base 14, what is 67b9a9 - 3?
67b9a6
In base 2, what is 101 + 10100011111011?
10100100000000
In base 16, what is -d + 1efed?
1efe0
In base 7, what is -5 - -256146?
256141
In base 7, what is -13314 + 125?
-13156
In base 4, what is -300 + -2123321?
-2130221
In base 13, what is -5 - 33510?
-33515
In base 13, what is 23b6ba + -2?
23b6b8
In base 9, what is 35648 + -4?
35644
In base 2, what is 100101001001011010110 + 10?
100101001001011011000
In base 6, what is -13442 + -2345?
-20231
In base 15, what is 13be - 8?
13b6
In base 3, what is 10020222 - -2?
10021001
In base 8, what is 5 + -2541742?
-2541735
In base 4, what is -3 - -10131131?
10131122
In base 7, what is -32450 - -53?
-32364
In base 11, what is -9 + -2408a2?
-240900
In base 4, what is 2002333 + 3?
2003002
In base 15, what is 4634 - -5?
4639
In base 11, what is 0 - -212131?
212131
In base 13, what is 18b + -9?
182
In base 14, what is -c8c - 4?
-c92
In base 7, what is -1 - -163511?
163510
In base 5, what is -30434 - 10?
-30444
In base 15, what is -1779 - -8c?
-16dc
In base 14, what is -d - 31?
-40
In base 2, what is -1000001111 + 1000010?
-111001101
In base 12, what is 1a - -1036?
1054
In base 9, what is 6 + 10417?
10424
In base 7, what is -2540 - -354?
-2153
In base 10, what is 6 - -6891?
6897
In base 15, what is 3 + -212a6?
-212a3
In base 3, what is -100 - -110210212?
110210112
In base 2, what is -100011000000110101111 + -100?
-100011000000110110011
In base 8, what is -2401 + 46?
-2333
In base 8, what is 107 - -5245?
5354
In base 14, what is 1 - 9762d?
-9762c
In base 10, what is -5 + 44458?
44453
In base 5, what is 200000211 + -10?
200000201
In base 15, what is 128d - 2?
128b
In base 8, what is -4 - -22541?
22535
In base 9, what is -3613662 - -3?
-3613658
In base 12, what is 5 - 1b95b?
-1b956
In base 6, what is -3 - 13100240?
-13100243
In base 5, what is 0 + -110032040?
-110032040
In base 3, what is -122221 + -21?
-200012
In base 14, what is c + 19a15?
19a23
In base 13, what is 15 - 6ab5?
-6aa0
In base 3, what is -222212 - 1120?
-1001102
In base 16, what is -2155 - -110?
-2045
In base 4, what is 21021 + 111311?
132332
In base 13, what is 172 + 3?
175
In base 14, what is 2c + -18a?
-15c
In base 4, what is -2 + -10233033?
-10233101
In base 13, what is 911 - 7a?
864
In base 10, what is 2829 + -3?
2826
In base 6, what is 40331 - -2?
40333
In base 10, what is -85 + -315?
-400
In base 11, what is -30a16 - 2?
-30a18
In base 5, what is 344 + 20102?
21001
In base 11, what is -32 + -501a?
-5051
In base 10, what is -15 - 6976?
-6991
In base 9, what is -63828 - -10?
-63818
In base 8, what is 6707 - 2?
6705
In base 16, what is 1217c - 0?
1217c
In base 4, what is 0 + 2023112?
2023112
In base 6, what is -4305 - -33?
-4232
In base 16, what is -b3bed + 0?
-b3bed
In base 10, what is 33 - -6323?
6356
In base 10, what is -13 - 83377?
-83390
In base 14, what is 196850 - 5?
196849
In base 2, what is 11 - 110001100111001?
-110001100110110
In base 6, what is 2442 - 305?
2133
In base 12, what is -130 - -5ba?
48a
In base 16, what is -614 - 11?
-625
In base 13, what is 4b7 - -3?
4ba
In base 6, what is -550 - 5245?
-10235
In base 11, what is 113 - 152?
-3a
In base 13, what is -3 + -7237?
-723a
In base 5, what is -2102423 - -10?
-2102413
In base 3, what is 101 - 12221001121?
-12221001020
In base 9, what is 13378 - 6?
13372
In base 2, what is 1 - 1001110111110000111?
-1001110111110000110
In base 7, what is -125 + -202021?
-202146
In base 11, what is -22 - 25365?
-25387
In base 12, what is 5 - -4a75?
4a7a
In base 5, what is 0 - -400214433?
400214433
In base 16, what is -7ec - 35?
-821
In base 3, what is 1212201220210 + 1?
1212201220211
In base 13, what is -91 + 23b65?
23aa4
In base 13, what is c11c + 5?
c124
In base 4, what is -3021011 - -101?
-3020310
In base 4, what is -13122 + 2312?
-10210
In base 16, what is 10aa + -2a?
1080
In base 4, what is -2211303 - -1201?
-2210102
In base 16, what is -138 + 21a?
e2
In base 2, what is 11 + -10100100111111101?
-10100100111111010
In base 14, what is -2b9a0 - -4?
-2b99a
In base 12, what is 383 + 536?
8b9
In base 4, what is 123 - 13011130?
-13011001
In base 4, what is 1133202112 + 3?
1133202121
In base 6, what is 1022 + 2244?
3310
In base 2, what is -10011111110000 + -10101?
-10100000000101
In base 12, what is 1903 - -13?
1916
In base 15, what is -8 - 2b5de?
-2b5e7
In base 2, what is -11010100010110 + 1001011?
-11010011001011
In base 15, what is -5 + 323d1?
323cb
In base 7, what is 1 + -132?
-131
In base 5, what is 12214 + 4144?
21413
In base 12, what is -6 + -10a402?
-10a408
In base 8, what is 6666 - -106?
6774
In base 14, what is 0 - 47dc?
-47dc
In base 8, what is -5 - -303452?
303445
In base 7, what is -11 + 1024222?
1024211
In base 5, what is 1411 - -32?
1443
In base 2, what is -111001010011 + 10101000?
-110110101011
In base 4, what is 3133321 + 33?
3200020
In base 5, what is -244343 + 2?
-244341
In base 9, what is 110 - 4440?
-4330
In base 16, what is 4 - -8ad1?
8ad5
In base 6, what is -2 - -2513521?
2513515
In base 8, what is -721 - 71?
-1012
In base 5, what is -10 + -14334224?
-14334234
In base 12, what is 35066 + 3?
35069
In base 10, what is 301 - -493?
794
In base 13, wh